{"id":646,"date":"2024-07-23T02:25:17","date_gmt":"2024-07-23T00:25:17","guid":{"rendered":"https:\/\/bipservices.net\/?page_id=646"},"modified":"2024-07-23T02:28:15","modified_gmt":"2024-07-23T00:28:15","slug":"on-offshore-services","status":"publish","type":"page","link":"https:\/\/bipservices.net\/?page_id=646","title":{"rendered":"ON\/OFFSHORE SERVICES"},"content":{"rendered":"\n<p>Les Services ON\/OFFSHORE de BIP&rsquo; SERVICES consiste en la <strong>Mise \u00e0 Disposition du Personnel qualifi\u00e9<\/strong>, <strong>N\u00e9goce des produits ferreux et non ferreux<\/strong>, <strong>la fourniture des EPI et Consommable de bureau<\/strong>.  <\/p>\n\n\n\n<figure class=\"wp-block-gallery columns-3 is-cropped\"><ul class=\"blocks-gallery-grid\"><li class=\"blocks-gallery-item\"><figure><img loading=\"lazy\" width=\"700\" height=\"466\" src=\"https:\/\/bipservices.net\/wp-content\/uploads\/Fourniture.jpg.webp\" alt=\"\" data-id=\"647\" data-full-url=\"https:\/\/bipservices.net\/wp-content\/uploads\/Fourniture.jpg.webp\" data-link=\"https:\/\/bipservices.net\/?attachment_id=647\" class=\"wp-image-647\" srcset=\"https:\/\/bipservices.net\/wp-content\/uploads\/Fourniture.jpg.webp 700w, https:\/\/bipservices.net\/wp-content\/uploads\/Fourniture.jpg-300x200.webp 300w\" sizes=\"(max-width: 700px) 100vw, 700px\" \/><\/figure><\/li><li class=\"blocks-gallery-item\"><figure><img loading=\"lazy\" width=\"700\" height=\"466\" src=\"https:\/\/bipservices.net\/wp-content\/uploads\/Mis-a-disposition-du-personnel.jpg.webp\" alt=\"\" data-id=\"648\" data-full-url=\"https:\/\/bipservices.net\/wp-content\/uploads\/Mis-a-disposition-du-personnel.jpg.webp\" data-link=\"https:\/\/bipservices.net\/?attachment_id=648\" class=\"wp-image-648\" srcset=\"https:\/\/bipservices.net\/wp-content\/uploads\/Mis-a-disposition-du-personnel.jpg.webp 700w, https:\/\/bipservices.net\/wp-content\/uploads\/Mis-a-disposition-du-personnel.jpg-300x200.webp 300w\" sizes=\"(max-width: 700px) 100vw, 700px\" \/><\/figure><\/li><li class=\"blocks-gallery-item\"><figure><img loading=\"lazy\" width=\"934\" height=\"670\" src=\"https:\/\/bipservices.net\/wp-content\/uploads\/ONOFFSHORE-SERVICES.jpg\" alt=\"\" data-id=\"649\" data-full-url=\"https:\/\/bipservices.net\/wp-content\/uploads\/ONOFFSHORE-SERVICES.jpg\" data-link=\"https:\/\/bipservices.net\/?attachment_id=649\" class=\"wp-image-649\" srcset=\"https:\/\/bipservices.net\/wp-content\/uploads\/ONOFFSHORE-SERVICES.jpg 934w, https:\/\/bipservices.net\/wp-content\/uploads\/ONOFFSHORE-SERVICES-300x215.jpg 300w, https:\/\/bipservices.net\/wp-content\/uploads\/ONOFFSHORE-SERVICES-768x551.jpg 768w\" sizes=\"(max-width: 934px) 100vw, 934px\" \/><\/figure><\/li><\/ul><\/figure>\n","protected":false},"excerpt":{"rendered":"<p>Les Services ON\/OFFSHORE de BIP&rsquo; SERVICES consiste en la Mise \u00e0 Disposition du Personnel qualifi\u00e9, N\u00e9goce des produits ferreux et non ferreux, la fourniture des EPI et Consommable de bureau.<\/p>\n","protected":false},"author":1,"featured_media":0,"parent":0,"menu_order":0,"comment_status":"closed","ping_status":"closed","template":"","meta":[],"yoast_head":"<!-- This site is optimized with the Yoast SEO plugin v17.4 - https:\/\/yoast.com\/wordpress\/plugins\/seo\/ -->\n<meta name=\"robots\" content=\"index, follow, max-snippet:-1, max-image-preview:large, max-video-preview:-1\" \/>\n<link rel=\"canonical\" href=\"https:\/\/bipservices.net\/?page_id=646\" \/>\n<meta property=\"og:locale\" content=\"fr_FR\" \/>\n<meta property=\"og:type\" content=\"article\" \/>\n<meta property=\"og:title\" content=\"ON\/OFFSHORE SERVICES - BIP&#039; SERVICES\" \/>\n<meta property=\"og:description\" content=\"Les Services ON\/OFFSHORE de BIP&rsquo; SERVICES consiste en la Mise \u00e0 Disposition du Personnel qualifi\u00e9, N\u00e9goce des produits ferreux et non ferreux, la fourniture des EPI et Consommable de bureau.\" \/>\n<meta property=\"og:url\" content=\"https:\/\/bipservices.net\/?page_id=646\" \/>\n<meta property=\"og:site_name\" content=\"BIP&#039; SERVICES\" \/>\n<meta property=\"article:modified_time\" content=\"2024-07-23T00:28:15+00:00\" \/>\n<meta property=\"og:image\" content=\"https:\/\/bipservices.net\/wp-content\/uploads\/Fourniture.jpg.webp\" \/>\n<meta name=\"twitter:card\" content=\"summary_large_image\" \/>\n<meta name=\"twitter:label1\" content=\"Dur\u00e9e de lecture est.\" \/>\n\t<meta name=\"twitter:data1\" content=\"1 minute\" \/>\n<script type=\"application\/ld+json\" class=\"yoast-schema-graph\">{\"@context\":\"https:\/\/schema.org\",\"@graph\":[{\"@type\":\"WebSite\",\"@id\":\"https:\/\/bipservices.net\/#website\",\"url\":\"https:\/\/bipservices.net\/\",\"name\":\"BIP&#039; SERVICES\",\"description\":\"Seule l&#039;efficacit\\u00e9 compte\",\"potentialAction\":[{\"@type\":\"SearchAction\",\"target\":{\"@type\":\"EntryPoint\",\"urlTemplate\":\"https:\/\/bipservices.net\/?s={search_term_string}\"},\"query-input\":\"required name=search_term_string\"}],\"inLanguage\":\"fr-FR\"},{\"@type\":\"ImageObject\",\"@id\":\"https:\/\/bipservices.net\/?page_id=646#primaryimage\",\"inLanguage\":\"fr-FR\",\"url\":\"https:\/\/bipservices.net\/wp-content\/uploads\/Fourniture.jpg.webp\",\"contentUrl\":\"https:\/\/bipservices.net\/wp-content\/uploads\/Fourniture.jpg.webp\",\"width\":700,\"height\":466},{\"@type\":\"WebPage\",\"@id\":\"https:\/\/bipservices.net\/?page_id=646#webpage\",\"url\":\"https:\/\/bipservices.net\/?page_id=646\",\"name\":\"ON\/OFFSHORE SERVICES - BIP&#039; SERVICES\",\"isPartOf\":{\"@id\":\"https:\/\/bipservices.net\/#website\"},\"primaryImageOfPage\":{\"@id\":\"https:\/\/bipservices.net\/?page_id=646#primaryimage\"},\"datePublished\":\"2024-07-23T00:25:17+00:00\",\"dateModified\":\"2024-07-23T00:28:15+00:00\",\"breadcrumb\":{\"@id\":\"https:\/\/bipservices.net\/?page_id=646#breadcrumb\"},\"inLanguage\":\"fr-FR\",\"potentialAction\":[{\"@type\":\"ReadAction\",\"target\":[\"https:\/\/bipservices.net\/?page_id=646\"]}]},{\"@type\":\"BreadcrumbList\",\"@id\":\"https:\/\/bipservices.net\/?page_id=646#breadcrumb\",\"itemListElement\":[{\"@type\":\"ListItem\",\"position\":1,\"name\":\"Accueil\",\"item\":\"https:\/\/bipservices.net\/\"},{\"@type\":\"ListItem\",\"position\":2,\"name\":\"ON\/OFFSHORE SERVICES\"}]}]}<\/script>\n<!-- \/ Yoast SEO plugin. -->","yoast_head_json":{"robots":{"index":"index","follow":"follow","max-snippet":"max-snippet:-1","max-image-preview":"max-image-preview:large","max-video-preview":"max-video-preview:-1"},"canonical":"https:\/\/bipservices.net\/?page_id=646","og_locale":"fr_FR","og_type":"article","og_title":"ON\/OFFSHORE SERVICES - BIP&#039; SERVICES","og_description":"Les Services ON\/OFFSHORE de BIP&rsquo; SERVICES consiste en la Mise \u00e0 Disposition du Personnel qualifi\u00e9, N\u00e9goce des produits ferreux et non ferreux, la fourniture des EPI et Consommable de bureau.","og_url":"https:\/\/bipservices.net\/?page_id=646","og_site_name":"BIP&#039; SERVICES","article_modified_time":"2024-07-23T00:28:15+00:00","og_image":[{"url":"https:\/\/bipservices.net\/wp-content\/uploads\/Fourniture.jpg.webp"}],"twitter_card":"summary_large_image","twitter_misc":{"Dur\u00e9e de lecture est.":"1 minute"},"schema":{"@context":"https:\/\/schema.org","@graph":[{"@type":"WebSite","@id":"https:\/\/bipservices.net\/#website","url":"https:\/\/bipservices.net\/","name":"BIP&#039; SERVICES","description":"Seule l&#039;efficacit\u00e9 compte","potentialAction":[{"@type":"SearchAction","target":{"@type":"EntryPoint","urlTemplate":"https:\/\/bipservices.net\/?s={search_term_string}"},"query-input":"required name=search_term_string"}],"inLanguage":"fr-FR"},{"@type":"ImageObject","@id":"https:\/\/bipservices.net\/?page_id=646#primaryimage","inLanguage":"fr-FR","url":"https:\/\/bipservices.net\/wp-content\/uploads\/Fourniture.jpg.webp","contentUrl":"https:\/\/bipservices.net\/wp-content\/uploads\/Fourniture.jpg.webp","width":700,"height":466},{"@type":"WebPage","@id":"https:\/\/bipservices.net\/?page_id=646#webpage","url":"https:\/\/bipservices.net\/?page_id=646","name":"ON\/OFFSHORE SERVICES - BIP&#039; SERVICES","isPartOf":{"@id":"https:\/\/bipservices.net\/#website"},"primaryImageOfPage":{"@id":"https:\/\/bipservices.net\/?page_id=646#primaryimage"},"datePublished":"2024-07-23T00:25:17+00:00","dateModified":"2024-07-23T00:28:15+00:00","breadcrumb":{"@id":"https:\/\/bipservices.net\/?page_id=646#breadcrumb"},"inLanguage":"fr-FR","potentialAction":[{"@type":"ReadAction","target":["https:\/\/bipservices.net\/?page_id=646"]}]},{"@type":"BreadcrumbList","@id":"https:\/\/bipservices.net\/?page_id=646#breadcrumb","itemListElement":[{"@type":"ListItem","position":1,"name":"Accueil","item":"https:\/\/bipservices.net\/"},{"@type":"ListItem","position":2,"name":"ON\/OFFSHORE SERVICES"}]}]}},"_links":{"self":[{"href":"https:\/\/bipservices.net\/index.php?rest_route=\/wp\/v2\/pages\/646"}],"collection":[{"href":"https:\/\/bipservices.net\/index.php?rest_route=\/wp\/v2\/pages"}],"about":[{"href":"https:\/\/bipservices.net\/index.php?rest_route=\/wp\/v2\/types\/page"}],"author":[{"embeddable":true,"href":"https:\/\/bipservices.net\/index.php?rest_route=\/wp\/v2\/users\/1"}],"replies":[{"embeddable":true,"href":"https:\/\/bipservices.net\/index.php?rest_route=%2Fwp%2Fv2%2Fcomments&post=646"}],"version-history":[{"count":1,"href":"https:\/\/bipservices.net\/index.php?rest_route=\/wp\/v2\/pages\/646\/revisions"}],"predecessor-version":[{"id":650,"href":"https:\/\/bipservices.net\/index.php?rest_route=\/wp\/v2\/pages\/646\/revisions\/650"}],"wp:attachment":[{"href":"https:\/\/bipservices.net\/index.php?rest_route=%2Fwp%2Fv2%2Fmedia&parent=646"}],"curies":[{"name":"wp","href":"https:\/\/api.w.org\/{rel}","templated":true}]}}